late the greatest common divisor of m and 228.
38
Suppose -3*w = 5*u - 2055, 2*u - 106 = 5*w + 747. What is the highest common divisor of u and 36?
18
Suppose 20*x - 22*x = 0. Suppose x = r + r - 288. Let v be 2/4 + 105/6. What is the greatest common divisor of r and v?
18
Let v(h) = -h**2 + 9*h + 5. Let s be v(8). Let n = s + -12. Let f be n*3/(-6)*-6. What is the highest common divisor of f and 12?
3
Let y be ((-22)/3 - -12)/(2/12). Let g be -2 + 311 + 1/(-1). What is the highest common factor of g and y?
28
Let h be (24/(-15))/((-10)/25). Suppose h*v - 14 - 6 = 0. Calculate the greatest common factor of 25 and v.
5
Let x be (10/(-30))/((-2)/24*2). Let c(r) = 74*r**2 + 6*r - 11. Let s be c(x). Calculate the greatest common factor of 11 and s.
11
Let u be (1 + 5)/((-6)/(-90)). What is the highest common factor of 54 and u?
18
Let p(c) = -c**3 - 26*c**2 - 26*c + 25. Let a be p(-25). Calculate the greatest common factor of a and 60.
10
Let d(w) = w**3 + 8*w**2 - 13*w + 4. Let z be (-7)/(-28) + (-37)/4. Let o be d(z). Suppose 3*g + 10 = 4*g. What is the highest common factor of o and g?
10
Suppose -28 = 3*a - 5*a. Let z be (114/(-9))/(a/(-21)). Calculate the highest common divisor of 152 and z.
19
Suppose 3*n - 255 = -5*a, -4*n + 109 = -2*a - 205. Suppose 0 = -x + 10. Calculate the highest common divisor of x and n.
10
Suppose -3 = v - 5. Suppose -w - 13 = -v*w. Suppose 49 - w = 4*r. What is the greatest common divisor of r and 99?
9
Let r(p) = -p**3 - p**2 + 2*p + 3. Let k be r(-2). Let n(m) = -m**3 + 5*m**2 - 2*m + 6. Let d be n(k). What is the highest common divisor of d and 18?
18
Suppose 0 = g + 5, 5*n = n + 5*g - 63. Let a be n/(-4) + 3/(-6). Suppose l - r - r - 8 = 0, -2*l = -a*r - 12. What is the highest common factor of l and 64?
16
Suppose -3*i - 13*i = -849 - 591. Let p be (6/4)/1*24. What is the highest common divisor of i and p?
18
Let p be (-3)/(-9) + 564/9. Calculate the greatest common divisor of 7 and p.
7
Suppose 6*g + 3*f = 7*f + 3080, 0 = 5*g + f - 2545. What is the greatest common factor of 135 and g?
15
Suppose 3*z + 3*c - 1625 = 238, 1853 = 3*z + c. What is the highest common divisor of 176 and z?
88
Let r = 30 - 26. Suppose i + 5 = -2*w, -r*i + 17 - 2 = w. Calculate the greatest common divisor of i and 105.
5
Suppose 0 = -2*g + g - 2*k + 492, 5*k = -g + 498. What is the greatest common factor of g and 24?
8
Let o be 6/21 + 2 - 6/21. Suppose 3*m - 3*b - 474 = 0, m - o*b - 48 - 108 = 0. What is the highest common factor of 64 and m?
32
Suppose -3*o = o - 28. Suppose -p - 2*p + 4 = -f, 2 = -4*p + 5*f. Suppose -c - o = -p*c. Calculate the greatest common divisor of 7 and c.
7
Let v(g) = -g**2 - g + 3. Let r be v(-3). Let n be (r/(-2))/(6/40). Suppose -5*i - 1 = u, -13 = -4*u + 6*i - 9*i. What is the highest common factor of u and n?
2
Suppose 0 = 3*h, 5*j + 26 = -5*h + 91. What is the highest common factor of j and 208?
13
Let y = -19 - -22. Let c = 57 - 12. Suppose 4*v - c = -v. Calculate the highest common factor of y and v.
3
Let n(w) = -2*w**2 + 63*w - 88. Let g be n(28). Calculate the highest common factor of 12 and g.
12
Suppose o + 24 = 4*o. Let h = o - 2. Let r be (-14 - -17)*44/h. Calculate the highest common divisor of 110 and r.
22
Suppose -9*k = 74 - 110. What is the greatest common factor of k and 5?
1
Suppose -q - j = 2*q - 316, 2*j = -2*q + 212. Suppose -3*d + 237 = -0*d. Suppose 3*h + 16 = d. What is the highest common factor of q and h?
21
Let u be (-5)/30 + 34/(-12). Let q be 10*u/(6/(-5)). Let l = 140 + q. Calculate the highest common factor of 15 and l.
15
Let a(d) = 9*d + 5*d - 13*d + 2. Let i be a(7). What is the greatest common factor of 45 and i?
9
Let h = 22 + 17. Calculate the greatest common divisor of h and 78.
39
Let t be 6/(4/84*7). Calculate the highest common divisor of t and 10.
2
Let s = -26 + 70. Let r(f) = -f**3 - 21*f**2 - 20*f + 33. Let y be r(-20). Calculate the highest common divisor of y and s.
11
Suppose 0 = 4*v - v - 15. Let g(c) = -c + 11. Let o be g(v). Suppose 5*r - 2*q - 26 = 0, r + 2*r + 2*q = 6. Calculate the highest common factor of o and r.
2
Let a(i) = 2*i**2 + 7*i + 9. Let f be a(-3). Suppose -2*p + f*p = 124. Suppose -2*d + 1116 = 2*d. Calculate the greatest common divisor of p and d.
31
Let t(a) = -2*a - 3. Let n be t(-4). Suppose -d + 93 = 5*l, -5*l + l = -n*d + 436. Let c = -3 + 25. What is the greatest common factor of d and c?
22
Let q(u) = -u**3 - u**2 + 6*u + 11. Let o be q(-2). Suppose 2*h - o*h - d = -195, d + 381 = 2*h. Calculate the greatest common divisor of 24 and h.
24
Suppose -2*y = y - 18. Let n(v) = -v**3 - 11*v**2 - 18*v. Let d be n(-8). Let w = 102 + d. Calculate the greatest common divisor of w and y.
6
Let f = 42 - 19. Suppose -f = 5*q + c - 144, 0 = 5*q + 3*c - 113. What is the greatest common factor of 10 and q?
5
Let d = 304 + -231. Calculate the greatest common divisor of 1 and d.
1
Let z be 26*((-6)/21 + (-50)/(-28)). What is the greatest common factor of z and 104?
13
Suppose 0 = -5*w - 4*y - 51 - 0, 2*w = -3*y - 26. Let c = w - -9. Suppose 4*x - 4 = -2*l + 10, 3*x - 2*l = 7. Calculate the highest common divisor of c and x.
1
Let s = 366 + -254. What is the highest common divisor of 16 and s?
16
Let h(n) be the third derivative of n**5/60 - 5*n**4/12 + 10*n**3/3 - n**2 - 9. Let a be h(11). Calculate the highest common divisor of 93 and a.
31
Suppose 2*v + 9 = 29. Let y = 290 - 180. Calculate the greatest common factor of v and y.
10
Let a be 40 - -3 - (4 - -1) - -2. Let i(t) = -4*t. Let v(d) = -3*d. Let y(z) = 2*i(z) - 3*v(z). Let k be y(5). What is the highest common factor of k and a?
5
Let n = 1869 - 1115. What is the highest common factor of n and 232?
58
Let c = 340 + -116. What is the highest common factor of 7 and c?
7
Suppose 3*u = -2*f + 5*f + 45, -26 = -2*u + f. What is the highest common factor of u and 352?
11
Let b be 25/(-4*(-1)/4). Calculate the greatest common factor of b and 225.
25
Let z be (-2)/(2 - 5/2). Let t(b) = -b + 9 - 6 - z*b. Let q be t(-5). Calculate the highest common divisor of q and 14.
14
Let t(j) = 2*j**2 + 8*j + 59. Let v be t(-5). Calculate the highest common factor of v and 621.
69
Let q be (-4)/(-14) + (-430)/(-14). Suppose q = 2*w - 23. Let x = 37 - 19. What is the highest common divisor of x and w?
9
Let h = -291 + 1371. What is the highest common factor of 9 and h?
9
Let j be 1 - 3*10/(-15). Let u(w) = w**2 + 2*w - 3. Let h be u(j). Calculate the highest common factor of h and 6.
6
Let g be 3 + 0*(-3)/(-9). Suppose -996 = -t - 4*t + g*w, 5*t + 2*w - 986 = 0. Let m be (-210)/(-45)*t/7. What is the greatest common divisor of 12 and m?
12
Suppose 26*d = 19*d + 1183. What is the highest common factor of d and 26?
13
Suppose -2*r = -w - 10 - 201, r + 2*w = 118. Calculate the highest common divisor of 156 and r.
12
Let k(h) = 11*h + 6. Let n(f) = -65*f - 35. Let i(b) = 35*k(b) + 6*n(b). Let s be i(-2). Calculate the greatest common divisor of s and 4.
2
Suppose -5*p + 3*a - 970 = 0, -5*p - 2*a - 372 = -3*p. Let k = 122 + p. Let s = -27 - k. What is the greatest common factor of 28 and s?
14
Let h(r) = -15*r - 9. Let c be h(-4). Let s = 78 - c. What is the greatest common divisor of 9 and s?
9
Suppose 2*g - 3 = -5. Let m be 198 - -2 - (1 - g)*1. Calculate the highest common factor of m and 22.
22
Let z(t) = -t**3 + 13*t**2 - 13*t - 33. Let p be z(11). What is the greatest common factor of 165 and p?
33
Let r(d) be the second derivative of -13/2*d**2 - 2/3*d**3 + 10*d + 0 + 1/12*d**4. Let t be r(7). Calculate the highest common divisor of 56 and t.
8
Let q be 55/2 + (-1)/2. Suppose 16*n - 739 = -163. What is the greatest common factor of q and n?
9
Suppose 18*b - 6 = 19*b. Let w be b*(-34)/6 - -2. Calculate the greatest common divisor of 36 and w.
36
Suppose 4*w = 4*b + 272, 3*w - 232 = -5*b + b. What is the greatest common factor of w and 36?
36
Suppose 5*x - 25 = -5*o, 4*o = 3*x - 18 + 45. Suppose 0 = -5*z - 3*m + 100, -3*m + 48 + o = 3*z. Calculate the greatest common divisor of 115 and z.
23
Let p = 121 + -18. Suppose 201 + p = 4*y + 4*q, -q = -1. Suppose -8 = -5*d + 142. What is the greatest common divisor of d and y?
15
Let i be (-484)/(-18) - 22/(-198). What is the highest common divisor of 216 and i?
2